3, 31
What are the prime factors of -1*(-418 - 6) + -4 + 2?
2, 211
Suppose -5*v - 14214 = -2*v. List the prime factors of 4/(-18) - (0 - v/(-18)).
263
Let r be 15/(-10)*-2*5. Suppose 0*k + k = r. Suppose -3*m - k = 5*x - 115, -4*x - 5*m + 80 = 0. List the prime factors of x.
2, 5
Let d = -36 - -42. Suppose 10*g - d*g - 316 = 0. List the prime factors of g.
79
Suppose -2*c + 45 + 7 = -2*k, -4*c + 112 = -2*k. Let a be (12/c)/(2/(-30)). List the prime factors of (-2 + -22)*a/9.
2
Let n(r) = 2*r**3 - 35*r**2 - 26*r - 43. Let u(w) = -w**3 + 17*w**2 + 13*w + 21. Let p(l) = -2*n(l) - 5*u(l). What are the prime factors of p(16)?
29
Let m(g) = -51*g**3 + g**2. Let z be 22/10 - 1/5. Let y be z + -3 + -4 + 4. What are the prime factors of m(y)?
2, 13
Let j be (1 - (1 - 3)) + 0. Suppose -12 = j*q, 5*w - 27 - 14 = 4*q. Suppose -w*s + 140 = 4*f, -3*f = 2*s - 0*f - 63. What are the prime factors of s?
2, 3
Suppose 0 = n - 4*u - 240, 2*n + 0*n = 4*u + 476. Suppose f + 3*f = n. What are the prime factors of f?
59
Let n = 215 + -137. Let m = 169 - n. What are the prime factors of m?
7, 13
Suppose 3*r + 5*n = 4405, -r - 21*n + 1466 = -17*n. What are the prime factors of r?
2, 3, 5, 7
Let a = 94 - 22. List the prime factors of a.
2, 3
Let k = -292 - -499. List the prime factors of k.
3, 23
Suppose -3*x + 71 = -4*p, 0*x - p - 44 = -2*x. What are the prime factors of 3/(-7) - (-2529)/x?
2, 3, 5
Let v(f) = 15*f**2 + 7*f + 9. What are the prime factors of v(-5)?
349
Let g(i) = 12*i + 21. Let c(n) = 12*n + 20. Let h(d) = -7*c(d) + 6*g(d). List the prime factors of h(-5).
2, 23
List the prime factors of (-9 + -1)*273/(-2).
3, 5, 7, 13
Let w(b) = -b**3 + 8*b**2 - 8*b - 1. Let m be w(6). List the prime factors of m/2 - 3/(-6).
2, 3
Let p(k) = -k**2 + 12*k - 2. Let r be p(7). Suppose 0 = -4*l - 39 + 183. Let u = l - r. List the prime factors of u.
3
Suppose 0 = -f, 3 + 7 = 5*l - 5*f. Let h = l - -4. Suppose 0 = 4*v - h*v + 22. List the prime factors of v.
11
Suppose -4*i + 2*f + 3054 = 0, -f + 3 = -2. What are the prime factors of i?
2, 383
Let c(v) = 7*v + 1. Let x be (-1)/(3/6) - -2. Suppose x = -2*b + 4. List the prime factors of c(b).
3, 5
Suppose 0 = 3*y + 4*y - 35. Suppose 0 = -y*u + j + 995, -4*j = -j. List the prime factors of u.
199
Let y(w) = -4029*w**3 - w**2 + w + 1. List the prime factors of y(-1).
2, 19, 53
Suppose 6*v = 2*v - 112. Let o = v - 9. Let g = -16 - o. What are the prime factors of g?
3, 7
Let y be ((-6)/12)/(15/18 + -1). Suppose 6*s = y*s + 411. What are the prime factors of s?
137
Let s(q) = -q**3 - 18*q**2 + 15*q + 18. Let p = 36 - 55. What are the prime factors of s(p)?
2, 47
Suppose -v + 0*v = -o - 211, 0 = -2*v - o + 413. List the prime factors of v.
2, 13
Suppose k = -4 + 43. Suppose -k = -3*b - 0*b. What are the prime factors of b?
13
Let w be 3*(-35)/(-6)*(-4)/5. List the prime factors of (w + 98)/((-4)/(-6)).
2, 3, 7
Let z = 1767 - 1026. List the prime factors of z.
3, 13, 19
Let w be (1 - -2)/((-2)/(-32)). Suppose 0 = -4*f - 5*r - 64, 0 = -0*f - 3*f - 5*r - w. Let t = f - -37. What are the prime factors of t?
3, 7
Let o = -33 + 60. Let b = o + 21. Suppose -s - b = -3*s. List the prime factors of s.
2, 3
Suppose -10*f - 8*f + 6174 = 0. What are the prime factors of f?
7
Let m(u) = -u**2 + 6*u - 10. Let k be m(3). Let v be 3 + (-6)/3*-20. List the prime factors of v/(k + -3 + 5).
43
Let p be 2/3 + (-64)/(-48). Suppose m - c - 25 + 4 = 0, 0 = 2*c - p. What are the prime factors of m?
2, 11
Let c be (10/(-6))/(11/(-1353)). List the prime factors of c/10*(1 + 11)/2.
3, 41
Let a = -314 + 887. What are the prime factors of a?
3, 191
Let y(h) = 2*h**2 + 3*h + 4. Let j(u) = -u - 1. Let x(s) = 12*j(s) + 3*y(s). What are the prime factors of x(3)?
3, 5
Let y(z) = -z**2 + 5*z - 4. Let x be y(3). Suppose -x*t + 46 = 4. Let m = -12 + t. What are the prime factors of m?
3
Let t(l) = l + 16. Let a be t(-13). Suppose 3*b + 3*s = 0, a*b + 2*s - 6*s + 14 = 0. What are the prime factors of 2*1/(b/(-8))?
2
Suppose s - 374 = 4*w - 0*w, -4*w + 4 = 0. What are the prime factors of s?
2, 3, 7
Let m = -546 + 1177. What are the prime factors of m?
631
Suppose 2661 - 21344 = 7*m. List the prime factors of ((-6)/(-4))/(m/334 - -8).
167
Let a(f) = f + 20. Let w be a(-10). Let k be 16/w + (-4)/(-10). Suppose -k*c - c = -72. List the prime factors of c.
2, 3
Let p(u) = 84*u**3 - u**2 + u. Let j be p(1). Suppose -2*c = -c - j. Suppose 0*i - 4*i = -c. What are the prime factors of i?
3, 7
List the prime factors of (-9716)/(-6) - 245/105.
3, 7, 11
Suppose 0 = -5*q + 25, 0 = -4*j + 2*q + 2. Suppose -j*x = 15, 4*m + 0*x = -x - 5. Suppose 3*o + 5*f - 73 = m, 8 - 2 = 3*f. What are the prime factors of o?
3, 7
Let u(y) = y**3 + 5*y**2 + 11*y + 15. Let f be u(-7). List the prime factors of (-87)/2*f/30.
2, 29
Suppose u = -3*a + 23, a = -3*a + 5*u + 56. Let m(o) = o + 12. Let q be m(a). Suppose x + 56 = 5*t + 21, 3*t + 2*x - q = 0. List the prime factors of t.
7
Suppose 2*i + 519 = 151. Let a = i - -331. What are the prime factors of a?
3, 7
Suppose 127 = 4*f + 683. Let w be (5/(-2))/(470/156 + -3). Let o = f - w. What are the prime factors of o?
2, 7
Let l(t) = -4*t**2 - 17*t - 2. Let y be l(-4). Suppose -5*c + v = -262, -c - y*c + 162 = -3*v. List the prime factors of c.
2, 13
Suppose -759 + 2434 = 3*z - 2*c, -564 = -z - 5*c. What are the prime factors of z?
13, 43
Let s(v) = v**2 - 3*v + 18. Let b be s(0). Let y(c) = -19*c + b + 11*c + 9*c. List the prime factors of y(-6).
2, 3
Suppose -46*g + 50*g = 1268. List the prime factors of g.
317
What are the prime factors of -20 - -22 - (-1225 - -1)?
2, 613
Let o = -6640 - -10531. List the prime factors of o.
3, 1297
Let j(s) = 2*s**2 + 5*s - 4. Suppose 2*b + b - 12 = 0. Let i be j(b). List the prime factors of (2 + i)/(0 + 2).
5
Suppose -45*m + 53741 - 4781 = 0. List the prime factors of m.
2, 17
Suppose 0 = -5*a + 5*o + 22340, -2*a + o + 8920 = 3*o. List the prime factors of a.
2, 3, 31
List the prime factors of 3 + 81*(13 + -6).
2, 3, 5, 19
Let g(l) = -l**3 + 8*l**2 + 11*l - 11. Let f be g(8). Suppose o + 162 = 2*k + 5*o, k - f = -o. List the prime factors of k.
73
Let b(w) = 11*w. Let h be b(4). Suppose 3*m - 40 = -5*t + h, -44 = -2*t + 4*m. Let p = t - 8. What are the prime factors of p?
2, 5
Suppose -4*b = -0*b + 4*o + 312, 0 = 2*b + 4*o + 150. Let y = -9 - b. What are the prime factors of y?
2, 3
Let a = 10 - 7. Suppose -a*r + 5*i = -20, 4*r - i - 3*i = 24. Suppose 4*t - 94 = -b + 3*b, -2*b + 95 = r*t. List the prime factors of t.
3, 7
Let t(g) = 6*g. Let w be t(4). What are the prime factors of 108/w*20/2?
3, 5
Let r(g) = 6*g + 3. Let v be r(5). Let s(p) = -6*p**2 - 5 + 4 + v*p**2. List the prime factors of s(-1).
2, 13
Let c = 7 - 30. Let h(g) = 2*g**2 + 70*g + 6. Let t be h(-35). What are the prime factors of (t/(-3))/(2/c)?
23
Let p = 51 + -24. What are the prime factors of 4368/p + 1 + (-14)/18?
2, 3
Suppose 0 = -7*j + 20 + 1. Suppose j*y = -5*m + 722 + 64, -y + 264 = m. List the prime factors of y.
3, 89
Let p = -2785 - -4079. What are the prime factors of p?
2, 647
Let q = 387 - 199. Let p be 1/(q/92 + -2). Let v = -12 + p. What are the prime factors of v?
11
Suppose -28023 = -37*c + 42055. What are the prime factors of c?
2, 947
Let k be (-2)/(-3) - (-377)/87. Let l be (-20)/((-2)/16*1). Suppose -n - 167 = -4*g, -k*n = 5*g - l - 30. What are the prime factors of g?
41
Suppose 2*k - 2 = 2. Suppose -3*n + 2*v + 10 = 0, k*v + v + 15 = 5*n. Suppose -z + 8 + 18 = n. What are the prime factors of z?
2, 13
List the prime factors of (52/(-8))/((-3)/342).
3, 13, 19
Let a be (-20)/8*776/(-5). Suppose 4*j - a = -88. What are the prime factors of j?
3, 5
Let i(c) be the first derivative of -5*c**2/2 + 2*c - 7. Let j = -4 + 2. What are the prime factors of i(j)?
2, 3
Let c(z) = -6*z**3 + 6*z**2 + 10*z + 5. Let v(s) = -s**3 + s - 1. Let g(u) = c(u) - 5*v(u). Let w be g(7). Let d = 22 - w. What are the prime factors of d?
2, 13
Let p(i) = 29*i**2 + 6*i + 14. List the prime factors of p(-4).
2, 227
Suppose -3*g = -4*m + 2458, 3*m - 4*g + 7*g = 1833. List the prime factors of m.
613
Let h(o) = o - 9. Let d be h(9). Let m(l) = 0*l**2 + l**3 - 4*l + 4*l**2 + l + 4 + d*l**2. List the prime factors of m(-4).
2
Suppose 44 + 32 = 4*s.